5 is divided by 441?
375
Calculate the remainder when 9500363 is divided by 155.
103
Calculate the remainder when 240171 is divided by 286.
217
Calculate the remainder when 4417541 is divided by 811.
24
Calculate the remainder when 55757555 is divided by 247.
22
What is the remainder when 740617 is divided by 2986?
89
What is the remainder when 629896 is divided by 8277?
844
What is the remainder when 4172229 is divided by 3130?
3069
What is the remainder when 246699 is divided by 2073?
12
Calculate the remainder when 9165204 is divided by 633.
630
What is the remainder when 1264437 is divided by 382?
17
Calculate the remainder when 141230 is divided by 17582.
574
Calculate the remainder when 8409852 is divided by 1878.
168
What is the remainder when 1440184 is divided by 120011?
52
What is the remainder when 3392209 is divided by 565368?
1
Calculate the remainder when 40198 is divided by 1656.
454
Calculate the remainder when 842924 is divided by 43.
38
Calculate the remainder when 365133 is divided by 562.
395
What is the remainder when 717387 is divided by 849?
831
What is the remainder when 1058676 is divided by 211734?
6
What is the remainder when 485931 is divided by 27?
12
What is the remainder when 19796872 is divided by 1638?
4
Calculate the remainder when 263467 is divided by 722.
659
Calculate the remainder when 26694053 is divided by 953358.
29
Calculate the remainder when 218063 is divided by 2868.
95
What is the remainder when 168885 is divided by 2222?
13
What is the remainder when 12326619 is divided by 225?
219
What is the remainder when 36766743 is divided by 6?
3
Calculate the remainder when 2589645 is divided by 8.
5
What is the remainder when 4362702 is divided by 745?
727
What is the remainder when 332771 is divided by 55?
21
Calculate the remainder when 455120 is divided by 353.
103
What is the remainder when 5878553 is divided by 3681?
3677
Calculate the remainder when 28347269 is divided by 3596.
1
Calculate the remainder when 4220024 is divided by 172.
4
What is the remainder when 86408026 is divided by 21?
19
Calculate the remainder when 18626 is divided by 1655.
421
Calculate the remainder when 11252582 is divided by 1406571.
14
Calculate the remainder when 832135 is divided by 2860.
2735
What is the remainder when 5135646 is divided by 101?
99
Calculate the remainder when 11635793 is divided by 2908935.
53
What is the remainder when 9565565 is divided by 473?
86
Calculate the remainder when 231805 is divided by 59.
53
Calculate the remainder when 19919974 is divided by 380.
374
What is the remainder when 3209133 is divided by 50?
33
Calculate the remainder when 48377 is divided by 1860.
17
What is the remainder when 1188149 is divided by 296901?
545
Calculate the remainder when 297302 is divided by 367.
32
What is the remainder when 85257088 is divided by 69?
67
Calculate the remainder when 86510 is divided by 85960.
550
Calculate the remainder when 24669 is divided by 2053.
33
Calculate the remainder when 30773673 is divided by 859.
857
Calculate the remainder when 3903789 is divided by 14735.
13749
What is the remainder when 1173120 is divided by 205?
110
Calculate the remainder when 1134953 is divided by 189155.
23
Calculate the remainder when 40897 is divided by 409.
406
What is the remainder when 44296102 is divided by 307?
300
Calculate the remainder when 1533254 is divided by 2467.
1247
Calculate the remainder when 1091963 is divided by 1502.
9
Calculate the remainder when 3732915 is divided by 107.
6
What is the remainder when 12100977 is divided by 49?
35
What is the remainder when 24180031 is divided by 3629?
4
What is the remainder when 65716495 is divided by 286?
273
What is the remainder when 7721752 is divided by 5624?
0
Calculate the remainder when 83528272 is divided by 7821.
7813
What is the remainder when 1076431927 is divided by 13?
12
Calculate the remainder when 172854 is divided by 4798.
126
What is the remainder when 28127030 is divided by 29?
17
Calculate the remainder when 1909731 is divided by 44412.
15
What is the remainder when 8816331 is divided by 1479?
12
What is the remainder when 29747502 is divided by 160?
142
Calculate the remainder when 20741053 is divided by 469.
466
Calculate the remainder when 3376203 is divided by 19977.
90
What is the remainder when 664332 is divided by 295?
287
What is the remainder when 4119138 is divided by 5893?
5824
Calculate the remainder when 8457 is divided by 2380.
1317
What is the remainder when 16509702 is divided by 16509681?
21
What is the remainder when 11396350 is divided by 836?
834
Calculate the remainder when 338347 is divided by 168926.
495
Calculate the remainder when 589777010 is divided by 22.
20
What is the remainder when 20996276 is divided by 107?
94
Calculate the remainder when 59866 is divided by 118.
40
Calculate the remainder when 436140 is divided by 4103.
1222
What is the remainder when 15168 is divided by 15051?
117
Calculate the remainder when 246960 is divided by 7827.
4323
Calculate the remainder when 527799 is divided by 65894.
647
Calculate the remainder when 42279582 is divided by 1696.
1694
What is the remainder when 408229 is divided by 113?
73
What is the remainder when 2145320 is divided by 72?
8
Calculate the remainder when 9723679 is divided by 664.
63
Calculate the remainder when 57710 is divided by 3389.
97
What is the remainder when 415942 is divided by 292?
134
What is the remainder when 282250 is divided by 10386?
1828
Calculate the remainder when 13279297 is divided by 4426429.
10
What is the remainder when 3860363 is divided by 454?
1
What is the remainder when 2910022 is divided by 829?
232
Calculate the remainder when 144455 is divided by 8618.
6567
What is the remainder when 293164 is divided by 10567?
7855
What is the remainder when 72204057 is divided by 60?
57
Calculate the remainder when 302916 is divided by 25242.
12
What is the remainder when 82526 is divided by 4465?
2156
What is the remainder when 105862 is divided by 434?
400
What is the remainder when 16869220 is divided by 2897?
2886
Calculate the remainder when 8205251 is divided by 8987.
120
What is the remainder when 226525 is divided by 113127?
271
Calculate the remainder when 283589 is divided by 11343.
14
What is the remainder when 1034613 is divided by 1034480?
133
Calculate the remainder when 521985 is divided by 43312.
2241
What is the remainder when 63927 is divided by 113?
82
What is the remainder when 106434 is divided by 1759?
894
What is the remainder when 6169 is divided by 1178?
279
What is the remainder when 917306 is divided by 4653?
665
Calculate the remainder when 551841 is divided by 29.
0
Calculate the remainder when 275252 is divided by 83.
24
Calculate the remainder when 6010554 is divided by 546412.
22
Calculate the remainder when 2041223 is divided by 1020576.
71
Calculate the remainder when 926690 is divided by 2277.
2228
What is the remainder when 2264645 is divided by 194?
83
What is the remainder when 14780604 is divided by 23?
22
Calculate the remainder when 5525765 is divided by 18358.
7
What is the remainder when 23741 is divided by 3952?
29
Calculate the remainder when 26389315 is divided by 12017.
12000
What is the remainder when 137151 is divided by 5270?
131
What is the remainder when 4992633 is divided by 23439?
126
Calculate the remainder when 13151646 is divided by 626268.
18
What is the remainder when 709753 is divided by 2458?
1849
What is the remainder when 43345 is divided by 4780?
325
What is the remainder when 146759560 is divided by 146759559?
1
Calculate the remainder when 718447 is divided by 50.
47
Calculate the remainder when 9334750 is divided by 16463.
229
Calculate the remainder when 145108470 is divided by 7040.
7030
Calculate the remainder when 575647 is divided by 14.
9
What is the remainder when 350692 is divided by 175320?
52
Calculate the remainder when 331471 is divided by 100.
71
What is the remainder when 19880 is divided by 1166?
58
Calculate the remainder when 535075 is divided by 4213.
24
Calculate the remainder when 90724659 is divided by 94.
89
Calculate the remainder when 12055 is divided by 11204.
851
Calculate the remainder when 1432886 is divided by 2041.
104
What is t